{"id":5,"date":"2021-05-25T21:27:34","date_gmt":"2021-05-26T01:27:34","guid":{"rendered":"http:\/\/olisxm.com\/?page_id=5"},"modified":"2023-08-02T18:09:56","modified_gmt":"2023-08-02T22:09:56","slug":"liberte-financiere","status":"publish","type":"page","link":"https:\/\/olisxm.com\/","title":{"rendered":"Libert\u00e9 Financi\u00e8re"},"content":{"rendered":"<div class=\"wp-block-image\">\n<figure class=\"aligncenter is-resized\"><img data-recalc-dims=\"1\" loading=\"lazy\" decoding=\"async\" src=\"https:\/\/i0.wp.com\/olisxm.com\/wp-content\/uploads\/2021\/05\/start.jpg?resize=281%2C216&#038;ssl=1\" alt=\"\" class=\"wp-image-68\" width=\"281\" height=\"216\" srcset=\"https:\/\/i0.wp.com\/olisxm.com\/wp-content\/uploads\/2021\/05\/start.jpg?w=650&amp;ssl=1 650w, https:\/\/i0.wp.com\/olisxm.com\/wp-content\/uploads\/2021\/05\/start.jpg?resize=300%2C231&amp;ssl=1 300w\" sizes=\"auto, (max-width: 281px) 100vw, 281px\" \/><\/figure>\n<\/div>\n\n\n<div class=\"wp-block-group alignfull has-background-background-color has-background\"><div class=\"wp-block-group__inner-container is-layout-flow wp-block-group-is-layout-flow\">\n<div class=\"wp-block-jetpack-layout-grid alignfull column1-desktop-grid__span-12 column1-desktop-grid__row-1 column1-tablet-grid__span-8 column1-tablet-grid__row-1 column1-mobile-grid__span-4 column1-mobile-grid__row-1\">\n<div class=\"wp-block-jetpack-layout-grid-column wp-block-jetpack-layout-grid__padding-none is-vertically-aligned-center\">\n<p><\/p>\n\n\n\n<p><\/p>\n\n\n\n<h2 class=\"wp-block-heading has-text-align-center\" style=\"font-size:35px\">L&rsquo;inflation augmente de jour en jour.<\/h2>\n\n\n\n<h3 class=\"wp-block-heading has-text-align-center\" style=\"font-size:35px\"><br><strong>C&rsquo;est le bon moment pour trouver une solution<\/strong>.<\/h3>\n\n\n\n<p><\/p>\n\n\n\n<h3 class=\"wp-block-heading has-text-align-center\" style=\"font-size:35px\"><strong><br>\u200bUne formation 90% live de Trading sur le march\u00e9 le plus important<\/strong> :<\/h3>\n\n\n\n<h2 class=\"wp-block-heading has-text-align-center\" style=\"font-size:35px\"> Le NASDAQ cr\u00e9\u00e9 en 1971 !!<\/h2>\n\n\n\n<p class=\"has-text-align-center\"><strong><span style=\"text-decoration: underline;\">March\u00e9 officiel et r\u00e9gul\u00e9<\/span><\/strong><\/p>\n\n\n\n<p class=\"has-text-align-center has-text-color has-huge-font-size\" style=\"color:#a30009\"><strong><br>Possibilit\u00e9 de gains exceptionnels<\/strong> !<\/p>\n\n\n\n<p class=\"has-text-align-center has-text-color has-huge-font-size\" style=\"color:#a30009\"><strong>100\u20ac<\/strong><\/p>\n\n\n\n<p class=\"has-text-align-center has-text-color has-huge-font-size\" style=\"color:#a30009\"><strong>1000\u20ac<\/strong><\/p>\n\n\n\n<p class=\"has-text-align-center has-text-color has-huge-font-size\" style=\"color:#a30009\"><strong>10 000\u20ac et bien plus !!<\/strong><\/p>\n\n\n\n<p class=\"has-text-align-center has-text-color has-huge-font-size\" style=\"color:#a30009\"><strong>par mois (*) <\/strong><\/p>\n\n\n\n<p class=\"has-text-align-center has-text-color has-huge-font-size\" style=\"color:#a30009\"><strong>Sans risque financier<\/strong> !!<\/p>\n\n\n\n<p><\/p>\n\n\n\n<h2 class=\"wp-block-heading has-text-align-center\" style=\"font-size:35px\">Challenge mensuel gratuit.<\/h2>\n\n\n\n<h2 class=\"wp-block-heading has-text-align-center\" style=\"font-size:35px\">Acc\u00e8s \u00e0 l&rsquo;info live sur les groupes WhatsApp et Telegram. <\/h2>\n\n\n\n<h2 class=\"wp-block-heading has-text-align-center\" style=\"font-size:35px\">Formation et Coaching au quotidien. <\/h2>\n\n\n\n<h2 class=\"wp-block-heading has-text-align-center\" style=\"font-size:35px\">Suivi individuel par un coach. <\/h2>\n\n\n\n<h2 class=\"wp-block-heading has-text-align-center\" style=\"font-size:35px\">Certification gratuite.<\/h2>\n\n\n\n<h2 class=\"wp-block-heading has-text-align-center\" style=\"font-size:35px\"><br>*******<\/h2>\n\n\n\n<h6 class=\"wp-block-heading has-text-align-center\" style=\"font-size:35px\"><br><strong>Passez \u00e0 l&rsquo;Action !!<\/strong><\/h6>\n\n\n\n<h2 class=\"wp-block-heading has-text-align-center\" style=\"font-size:35px\"><br>D\u00e8s votre demande d&rsquo;informations, nous vous contactons rapidement.<\/h2>\n\n\n\n<h2 class=\"wp-block-heading has-text-align-center\" style=\"font-size:35px\"><br>*Important*&nbsp;<\/h2>\n\n\n\n<h2 class=\"wp-block-heading has-text-align-center\" style=\"font-size:35px\">Veuillez ajouter l&rsquo;adresse mail suivante dans vos contacts :<\/h2>\n\n\n\n<h1 class=\"wp-block-heading has-text-align-center\" style=\"font-size:35px\"><br><sub>info@olisxm.com <\/sub><\/h1>\n\n\n\n<h2 class=\"wp-block-heading has-text-align-center\" style=\"font-size:35px\"><br>Surveillez votre&nbsp;bo\u00eete mail,&nbsp;et regardez&nbsp;dans les Spams.<\/h2>\n\n\n<div class=\"wp-block-jetpack-contact-form is-layout-flex wp-container-jetpack-contact-form-is-layout-026b38f8 wp-block-jetpack-contact-form-is-layout-flex\"><a href=\"https:\/\/olisxm.com\/\" target=\"_blank\" rel=\"noopener noreferrer\">Soumettre un formulaire.<\/a><\/div><\/div>\n<\/div>\n\n\n\n<p><\/p>\n\n\n<div class=\"wp-block-image\">\n<figure class=\"aligncenter size-large is-resized\"><img data-recalc-dims=\"1\" loading=\"lazy\" decoding=\"async\" src=\"https:\/\/i0.wp.com\/olisxm.com\/wp-content\/uploads\/2021\/05\/moi-oli.jpg?resize=143%2C192&#038;ssl=1\" alt=\"\" class=\"wp-image-64\" width=\"143\" height=\"192\" srcset=\"https:\/\/i0.wp.com\/olisxm.com\/wp-content\/uploads\/2021\/05\/moi-oli.jpg?w=582&amp;ssl=1 582w, https:\/\/i0.wp.com\/olisxm.com\/wp-content\/uploads\/2021\/05\/moi-oli.jpg?resize=223%2C300&amp;ssl=1 223w\" sizes=\"auto, (max-width: 143px) 100vw, 143px\" \/><figcaption class=\"wp-element-caption\">Olisxm<\/figcaption><\/figure>\n<\/div><\/div><\/div>\n\n\n\n<p class=\"has-text-align-center\">(*) : Votre possibilit\u00e9 de gain sera proportionnelle \u00e0 votre capacit\u00e9 de vous former et vous discipliner sur le march\u00e9 financier.<\/p>\n\n\n<div class=\"wp-block-image\">\n<figure class=\"aligncenter size-large\"><img data-recalc-dims=\"1\" loading=\"lazy\" decoding=\"async\" width=\"328\" height=\"302\" src=\"https:\/\/i0.wp.com\/olisxm.com\/wp-content\/uploads\/2021\/05\/logo-final-2.jpg?resize=328%2C302&#038;ssl=1\" alt=\"\" class=\"wp-image-70\" srcset=\"https:\/\/i0.wp.com\/olisxm.com\/wp-content\/uploads\/2021\/05\/logo-final-2.jpg?w=328&amp;ssl=1 328w, https:\/\/i0.wp.com\/olisxm.com\/wp-content\/uploads\/2021\/05\/logo-final-2.jpg?resize=300%2C276&amp;ssl=1 300w\" sizes=\"auto, (max-width: 328px) 100vw, 328px\" \/><\/figure>\n<\/div>\n\n\n<p class=\"has-text-align-center has-large-font-size\"><a href=\"https:\/\/www.facebook.com\/gagneougagne\">https:\/\/www.facebook.com\/gagneougagne<\/a><\/p>\n","protected":false},"excerpt":{"rendered":"<p>L&rsquo;inflation augmente de jour en jour. C&rsquo;est le bon moment pour trouver une solution. \u200bUne formation 90% live de Trading sur le march\u00e9 le plus important : Le NASDAQ cr\u00e9\u00e9 en 1971 !! March\u00e9 officiel et r\u00e9gul\u00e9 Possibilit\u00e9 de gains exceptionnels ! 100\u20ac 1000\u20ac 10 000\u20ac et bien plus !! par mois (*) Sans risque [&hellip;]<\/p>\n","protected":false},"author":1,"featured_media":57,"parent":0,"menu_order":0,"comment_status":"closed","ping_status":"closed","template":"templates\/template-full-width.php","meta":{"footnotes":""},"class_list":["post-5","page","type-page","status-publish","has-post-thumbnail","hentry"],"jetpack_sharing_enabled":true,"_links":{"self":[{"href":"https:\/\/olisxm.com\/index.php?rest_route=\/wp\/v2\/pages\/5","targetHints":{"allow":["GET"]}}],"collection":[{"href":"https:\/\/olisxm.com\/index.php?rest_route=\/wp\/v2\/pages"}],"about":[{"href":"https:\/\/olisxm.com\/index.php?rest_route=\/wp\/v2\/types\/page"}],"author":[{"embeddable":true,"href":"https:\/\/olisxm.com\/index.php?rest_route=\/wp\/v2\/users\/1"}],"replies":[{"embeddable":true,"href":"https:\/\/olisxm.com\/index.php?rest_route=%2Fwp%2Fv2%2Fcomments&post=5"}],"version-history":[{"count":52,"href":"https:\/\/olisxm.com\/index.php?rest_route=\/wp\/v2\/pages\/5\/revisions"}],"predecessor-version":[{"id":123,"href":"https:\/\/olisxm.com\/index.php?rest_route=\/wp\/v2\/pages\/5\/revisions\/123"}],"wp:featuredmedia":[{"embeddable":true,"href":"https:\/\/olisxm.com\/index.php?rest_route=\/wp\/v2\/media\/57"}],"wp:attachment":[{"href":"https:\/\/olisxm.com\/index.php?rest_route=%2Fwp%2Fv2%2Fmedia&parent=5"}],"curies":[{"name":"wp","href":"https:\/\/api.w.org\/{rel}","templated":true}]}}